 i(b) = -b**3 + 5*b**2 + 2*b - 4. Suppose -3*k + 8 = -5*c, -4*k + 9 = -0*c - 5*c. Let s be (-1)/(c/5) + 0. What are the prime factors of i(s)?
2, 3
Suppose 0*f = -3*t - 3*f + 6, 5*t + 2*f = 13. Let w be 9/(t - 6 - -2). What are the prime factors of w/2*(2 + -4)?
3
Let j = 8 + -6. Suppose 5*u + 3*s + 0*s - 30 = 0, 3*u - j*s + 1 = 0. What are the prime factors of u?
3
Suppose -6*n = -11*n + 3*v + 342, 3*n - 194 = -v. List the prime factors of n.
2, 3, 11
Let c be -1 + (3 - -1) - -6. Let h = c - 6. List the prime factors of h.
3
Suppose -3*p = 4 - 10. Suppose p = b - 16. What are the prime factors of b?
2, 3
Let b be 604/(-6) - 4/12. What are the prime factors of 6/(-9) + b/(-3)?
3, 11
Suppose 0*v - 2*t = 5*v - 6, v + 2*t = -2. Suppose -5*a = -o - 0*a, v*o - 2*a - 8 = 0. Suppose o*u = -0*u + 70. List the prime factors of u.
2, 7
Suppose -4*u + 379 = 83. List the prime factors of u.
2, 37
Let r(x) = -x**3 - 4*x**2 - 2*x + 2. Let y be r(-2). Let j = -1 - y. List the prime factors of (4/(-10))/(j/(-30)).
2, 3
Suppose 16*q + 654 = 22*q. What are the prime factors of q?
109
Suppose 159 + 193 = 4*i. List the prime factors of i.
2, 11
Suppose 0 = -4*o - 7*o + 3553. What are the prime factors of o?
17, 19
Suppose 0*h = -4*h + 80. Let j = h + -13. List the prime factors of j.
7
Suppose -3*t + 0*t - 2*u = -8, t = u + 11. Let z be (-3)/(-9) + (-62)/t. Let o = 17 + z. What are the prime factors of o?
7
Let t(w) = -w - 1. Let j be t(-5). Suppose 5 = j*r - 7. Suppose -4 + 19 = 5*l - r*x, -3*l + x + 13 = 0. What are the prime factors of l?
2, 3
Let c be (1 - 6)*(-6)/10. Let t(u) = u**2 + c + 0*u**2 + u**3 + 2. List the prime factors of t(0).
5
Suppose -2*u + 1 - 41 = -q, -5*q + 2*u + 208 = 0. Suppose -k + 4*w + 5 = -q, -2*w = 5*k - 147. List the prime factors of k.
31
Let w = -3 - -3. Suppose w = -2*z + 9 + 19. What are the prime factors of z?
2, 7
Let i be 0/(-1)*(3 - 4). Suppose -x + 3*x = -q + 9, i = 4*q - 4*x. Suppose -q*c = -c - 22. What are the prime factors of c?
11
What are the prime factors of -2 - (-26 - (-4 + 1))?
3, 7
Suppose -2*f + 32 = 12. Suppose a + 17 + f = 0. List the prime factors of 2/(-4) + a/(-2).
13
Let c(z) = z**2 + 11 + 5*z - 3*z + 7*z. List the prime factors of c(-8).
3
Let b(p) = 6*p - 4. List the prime factors of b(7).
2, 19
Let g(h) = h**2 - 3*h. Let z be g(4). What are the prime factors of (-10 + z)/((-3)/10)?
2, 5
Let v be (-5)/((-15)/12)*-2. Let z = v + 13. Suppose y - 18 = 2*x, -y - z*x + 0 = 17. What are the prime factors of y?
2
What are the prime factors of (-1905)/(-75) + 6/10?
2, 13
Suppose 3*l + 30 = -2*l. What are the prime factors of 1/((l/(-4))/3)?
2
Let g be ((-9)/2)/(6/(-276)). Let l = -147 + g. What are the prime factors of l?
2, 3, 5
Suppose 6*y - 2*y + 4 = 0. What are the prime factors of 10 - (-1)/(-1)*y?
11
Let h(y) = 3*y**2 - 6*y + 3. List the prime factors of h(4).
3
Suppose -10 + 4 = -v - 4*c, 0 = v + 5*c - 7. Suppose v*r - 2 = -2*m, -2*m - 2*r - 12 = -7*r. List the prime factors of (2 - (-2)/m) + 2.
2
Let w be 0 - -28 - 14/7. Suppose 0*k - k + w = 0. What are the prime factors of k?
2, 13
Let j(g) = -2*g**2 - 5 - g + g**2 + 2*g**2. Let u be j(4). Let z = -4 + u. List the prime factors of z.
3
Suppose -d + 2*i = -17, 28 = 2*d - i - 0*i. Suppose y = -5*x + 27, d = 3*x + 4. What are the prime factors of y?
2, 3
Let y be (-7)/(-3)*(-24)/(-8). Let h = 31 - y. List the prime factors of h.
2, 3
Let z = -9 - -18. List the prime factors of z.
3
Let i(o) = -17*o**3 - 7*o**2. Let v(z) = -25*z**3 - 10*z**2. Let u(w) = 7*i(w) - 5*v(w). Let j be u(1). Let g = 15 - j. List the prime factors of g.
2
Let c = 14 - 19. Let q = -3 - -18. Let m = c + q. What are the prime factors of m?
2, 5
Suppose 2*h + 3*h - 10 = 0. Suppose 4*q + f + h*f - 8 = 0, 3*f - 10 = -5*q. List the prime factors of q.
2
Suppose 3*t - 35 - 64 = 0. List the prime factors of t.
3, 11
Suppose 3*p + 0*v - 6 = -3*v, 0 = -5*v. Let x = p - 0. What are the prime factors of x?
2
Suppose -n = 4*d - 20, 21 + 4 = 5*d. Suppose n*v = v - 18. What are the prime factors of v?
2, 3
Suppose 162 = 4*r + 2*r. What are the prime factors of r?
3
Suppose -432 = -4*t + 148. List the prime factors of t.
5, 29
Let d(n) = n**3 - 11*n**2 + n + 3. Let a be d(11). Suppose -38 = -3*c - a. List the prime factors of c.
2
Let u = 2 - -57. List the prime factors of u.
59
Let d(c) = -c**3 - 12*c**2 - 12*c + 11. List the prime factors of d(-11).
2, 11
Let b = -4 - -7. Suppose d - 2 = b. List the prime factors of d.
5
Let w(b) = -26*b - 4. List the prime factors of w(-2).
2, 3
Let u(z) = z + 1. Let x be u(-1). Suppose 5*g - 25 = 5*h - 0*h, x = 4*h + 4*g - 4. List the prime factors of (15/h)/(2/(-4)).
3, 5
Let m(o) = -o**2 - 11*o - 12. List the prime factors of m(-7).
2
Let b(t) = t**3 - 5*t**2 + t + 3. List the prime factors of b(5).
2
Suppose -s = -10 - 5. Suppose -k = -3*k - 4*g + 24, g = -k + s. What are the prime factors of k?
2, 3
Let i = -30 + 62. Let q = -5 + i. List the prime factors of q.
3
Let d be -3 + 1 + 3*-1. Let j(s) = s**3 + 5*s**2 - s + 7. List the prime factors of j(d).
2, 3
Suppose 2*z - 4*t + 8 = 0, 5*t = -z - 12 + 29. Let p be (-5)/(z/(4*3)). What are the prime factors of p*(2/(-5))/1?
2, 3
Suppose 0 = -3*z - 0*z + 4*t + 3, -3*z = -5*t. Suppose z*b + 2*s - 67 = 0, -2*b = -3*b + 5*s + 8. List the prime factors of b.
13
Suppose 0 = 2*s + 2*s. Suppose -4*n + 2 = -0*n + 2*g, -2*g = -2. Suppose n = -s*b + b - 6. List the prime factors of b.
2, 3
What are the prime factors of 14/49 - 1004/(-14)?
2, 3
Suppose -5*s - 5*b - 10 = 0, 3*b - 16 = 2*s + 8*b. List the prime factors of s.
2
Suppose -4*g = -3*g - 4. Suppose 98 = 2*w - 2*j, 2*w = g*j - j + 102. Let t = -23 + w. List the prime factors of t.
2, 11
Let m be -20*(36/(-20) + 1). Suppose 2*v - 22 = m. List the prime factors of v.
19
Let h(x) = x**3 + 8*x**2 + 7*x + 10. What are the prime factors of h(-7)?
2, 5
Let b(t) = -t**2 - 9*t + 8. Let y be b(-10). What are the prime factors of -1 - (-15)/(y - -5)?
2
Let t = 10 - 3. Suppose -l = t - 30. Suppose -7*w - 51 = -4*y - 2*w, 2*y - 5*w - l = 0. List the prime factors of y.
2, 7
Suppose -10 = l + 2*z, -l - z - 3*z - 20 = 0. Suppose 4*k - 3*k - 11 = l. What are the prime factors of k?
11
Suppose p - 8 = -3*p. Let s = p + 1. Suppose 2*f = 6*f + s*c - 26, 5*f - 30 = -5*c. List the prime factors of f.
2
Suppose -r - 5 = 4*i, -2*i + 2 = -5*r - 1. Let l = 0 + i. List the prime factors of 8 - (-2 - l - -2).
7
Let n(t) = 2*t**3 - 3*t**2 + 3*t. Let m be n(2). Let a be -2 + 4*m/4. Suppose 3*s + 3*v - 14 = -s, 4*v + a = 0. What are the prime factors of s?
5
Let x = 20 - -24. List the prime factors of x.
2, 11
Suppose -2*y - 16 = 3*a - 319, -5*y + a + 783 = 0. What are the prime factors of y?
2, 3, 13
Suppose 36 = -4*n + 116. Let u = n - 14. List the prime factors of u.
2, 3
Let w(i) = -i**2 + 6*i + 6. Let n be w(6). Let l = -3 + n. List the prime factors of -4*l/(-6) + 1.
3
Let c be 3/9 - 132/(-9). Let n = 20 - c. List the prime factors of n.
5
Suppose -4*h + h = -5*p - 118, 160 = 5*h - p. Suppose 1 = -3*r + h. List the prime factors of r.
2, 5
Let c(u) be the first derivative of u**2/2 + 14*u - 1. What are the prime factors of c(0)?
2, 7
Let a(d) = -d**3 - 6*d**2 - 10*d + 6. Let r(y) = 3*y**3 + 18*y**2 + 29*y - 18. Let j(q) = -17*a(q) - 6*r(q). What are the prime factors of j(-6)?
2, 3, 5
Let l = -4 - -50. List the prime factors of l.
2, 23
Let a(c) = -c - 8. Let s be a(-8). Suppose 28 = -s*p + p. List the prime factors of p.
2, 7
Suppose -2*d - d - 11 = 5*s, -s + d = -1. Suppose -3*j - 4*x + 7*x = -39, 2*j + 2*x - 18 = 0. Let b = j + s. What are the prime factors of b?
2, 5
Let d(l) = -76*l. What are the prime factors of d(-1)?
2, 19
Let b(v) = 3*v. Let a be b(-2). List the prime factors of ((-22)/3)/(2/a).
2, 11
Let t be -1 - -6*(-6)/9. Let r(m) = m**3 + 6*m**2 + 3*m - 2. What are the prime factors of r(t)?
2
Suppose 4 = 5*v - 21. Suppose -3*u = -4*u + v. What are the prime factors of u?
5
Suppose -6*v - c - 26 = -2*v, 16 = -4*v + 4*c. Let w = -3 + v. Let x = w - -15. List the prime factors of x.
2, 3
Suppose 4*s - 93 = 147. Suppose -b = -5 + 1, 0 = 5*v + 5*b + s. Let y = 30 + v. What are the prime factors of y?
2, 7
Let b(f) = f**3 + 6*f**2 + 5*f + 2. Let c(k) = k**2 + 5*k + 2. Let i